0
Let v(j) = -j**3 + j**2 + 88. Let k be v(0). Calculate the greatest common divisor of 11 and k.
11
Suppose 4*f - 160 = 4*j, 6*j = -f + j + 46. Let v = 63 - f. Let i = v + -11. Calculate the highest common divisor of 11 and i.
11
Suppose -2*q - 3*q + t + 24 = 0, -2*t = 2*q. Suppose q*w = 2*v + 530, 630 - 105 = 4*w + 3*v. Calculate the highest common factor of 12 and w.
12
Suppose 6*g = g + 210. Let h(l) = -l**3 + 6*l**2 - 2*l + 2. Let y be h(6). Let v = 4 - y. Calculate the greatest common factor of g and v.
14
Suppose v - 63 = -4*w + 6*v, w - 4*v = 2. What is the highest common factor of w and 33?
11
Suppose 0 = -4*r + 12, 4*j + 2*r - 7 = 7. Let s be 2 + j + (17 - -5). What is the greatest common factor of s and 78?
26
Let d be 3 + -7 - (-2 - 0). Let j(g) = -2*g. Let y be j(d). Suppose 63 = y*t - 97. What is the greatest common divisor of 60 and t?
20
Suppose -3*q + t - 5 - 26 = 0, 4*q + 2*t + 58 = 0. Let w be ((-45)/q - 2)*4. Let k be (-310)/(-4) + (-1)/2. What is the highest common factor of w and k?
7
Suppose -4*t + 5*k = t - 1855, -3*k + 1131 = 3*t. Suppose -t - 291 = -5*z. Let x be 1 + 7/((-14)/(-36)). Calculate the highest common factor of x and z.
19
Let r be 0*(-3)/(-18)*2. Suppose r = 6*m - 3*m + 5*f - 25, 2*f + 12 = m. Calculate the highest common divisor of m and 110.
10
Let n(c) = -14*c + 1. Let r be n(-1). Let p(d) = -29*d - 10. Let q be p(-5). What is the highest common divisor of r and q?
15
Suppose 0*o - 16 = -4*o, 4*t - 44 = -o. Suppose 4*g + 0 - 28 = 0. Suppose b - g + 3 = 0. Calculate the greatest common divisor of t and b.
2
Suppose -l + 10 = l, 0 = 4*s + 2*l + 710. Let z = s + 271. Calculate the greatest common factor of z and 13.
13
Let c(j) = -3*j**3 - 2*j**2 + 3*j + 2. Let q be c(-2). What is the highest common factor of q and 6?
6
Let n(t) = -t**3 + 9*t**2 + 2*t - 2. Let r be n(9). What is the highest common divisor of r and 80?
16
Suppose -3*p = k + 1, -4*p - 14 = -4*k - k. Let d be 1113/(-9) - k/(-3). Let q = 211 + d. Calculate the greatest common factor of q and 11.
11
Let i(h) = -h**3 + 6*h**2 + 3. Let w be i(6). Suppose -w*j = 2*j - 80. Suppose j + 24 = 4*q. What is the highest common factor of 90 and q?
10
Let s = 17 - 7. What is the highest common divisor of s and 10?
10
Let p be (-2)/(8/(-4 - 0)). Calculate the highest common divisor of 2 and p.
1
Suppose h + 1 = 3. What is the greatest common factor of 3 and h?
1
Let y be (-2)/(-3) - 21/(-9). Suppose -y*c + 89 + 106 = 0. Calculate the highest common factor of c and 13.
13
Let q(y) = -18*y**3 - 1. Let j(x) = -17*x**3 - x**2 - 1. Let k(g) = -2*j(g) + 3*q(g). Let n be k(-1). Calculate the highest common divisor of 3 and n.
3
Let l(x) = 9*x - 9. Let v be l(7). Suppose 0*g = -3*g + v. Let c(r) = r**2 + r + 3. Let m be c(-3). Calculate the greatest common factor of m and g.
9
Let m be (2 + -3 + 4)*128/(-6). Suppose 0*r - 5*u = -3*r + 229, -2*r = u - 131. Let g = r - m. What is the highest common factor of g and 12?
12
Let y(f) be the third derivative of f**4/24 + 2*f**3 + 2*f**2. Let u be y(9). Suppose -5*m + 64 = -u. Calculate the greatest common divisor of 153 and m.
17
Let h be 3*(-11)/(-3) - -2. Let m = 0 + 21. Let z = h + m. Calculate the greatest common divisor of z and 17.
17
Suppose -50 = -4*j - 14. Calculate the greatest common divisor of j and 63.
9
Let n(m) = 68*m**2 - m. Let a be n(2). What is the highest common factor of a and 30?
30
Let t(o) = 7*o + 11. Let j(h) = -4*h - 5. Let w(k) = -7*j(k) - 3*t(k). Let b be w(-2). Let m = -6 - b. What is the greatest common divisor of m and 12?
6
Let d(p) = 2*p**2 + p - 1. Let f be d(-2). Suppose 2*r - 32 = -0*r + 5*i, 0 = -4*r - f*i + 64. What is the greatest common divisor of 40 and r?
8
Let o = 6 + 8. Let j be 94/o + (-2)/(-7). What is the greatest common factor of 77 and j?
7
Let x be (39/(-6) - 2)*-2. Calculate the greatest common factor of x and 68.
17
Let j = -63 + 103. Calculate the greatest common divisor of 16 and j.
8
Let v be (-50)/(-3 + 5)*-1. Let s(f) = f**2 - 2*f + 2. Let c be s(4). Calculate the greatest common divisor of c and v.
5
Suppose l - 11 = 2*h, -5*l = 5*h - 3*h - 19. Calculate the highest common factor of 40 and l.
5
Let c be -9*(2 + 14/(-3)). Let w be ((-20)/(-10))/(1/60). Calculate the greatest common factor of c and w.
24
Suppose -4*u = -5*y + 454 - 96, 0 = 2*y + 4*u - 132. Suppose d = 3*d - 28. What is the greatest common divisor of y and d?
14
Suppose 0*a - 666 = -2*a. Calculate the greatest common divisor of a and 37.
37
Let b(w) = 5*w**3 + 9*w**2 - 3 - 4*w**3 + 4 - 10*w + 3. Let h be b(-10). Suppose h - 40 = -2*a. What is the highest common divisor of 2 and a?
2
Let b be 18/27*1*9. Calculate the highest common divisor of b and 6.
6
Let t(q) = -q + 24. Let p be t(11). Calculate the highest common factor of 13 and p.
13
Let r(s) = 65*s**2 + 2*s - 1. Suppose 0 = 3*z - 4 + 1. Let q be r(z). Let c = -17 + q. What is the greatest common factor of 7 and c?
7
Let a be ((-48)/10 - -2)/(10/(-50)). What is the highest common factor of a and 2?
2
Let f(p) = 14*p**2 + 1. Let m be f(-1). Calculate the greatest common divisor of m and 60.
15
Let n(s) = -13*s + 1. Suppose -20 = -5*u + 9*u. Let c be n(u). Calculate the highest common divisor of c and 22.
22
Suppose 5*p = 2*m + 16 + 7, 2*m = -3*p + 1. Let g be m - -2 - (-3 + -15). What is the highest common factor of g and 128?
16
Let a(i) = 77*i. Let t be a(-5). Let c be (-2)/(-8) + t/(-44). What is the highest common divisor of 9 and c?
9
Let c(p) = -p**3 + 8*p**2 + p - 6. Let y be c(8). Suppose -5*s - 15 = 0, -y*s - 14 = -b - 0*s. Let q = b - -7. What is the greatest common divisor of q and 105?
15
Suppose 0 = -4*j - 2*r + 42, 4*r = 4*j - 6 - 6. Calculate the greatest common divisor of 20 and j.
4
Suppose -4*j - 3 + 33 = 5*p, 4*p + 2*j = 18. Let m = -15 + 21. Let w be 4/m - 1/(-3). What is the highest common divisor of p and w?
1
Suppose 5*g - 14 - 1 = 0. Suppose -3*a = -4*s + 2, 0 = s - g*a - 0*a + 4. What is the greatest common divisor of s and 6?
2
Let j be (-14)/(1/((-1)/2)). Suppose -2*p = -4*p + 10. Suppose -9 = -5*b - 4*m, 4*b - 8 = b - p*m. Calculate the greatest common divisor of j and b.
1
Suppose 4*h = 5*d + 6 - 195, -3*h = -2*d + 70. Let y = -22 + d. Calculate the highest common divisor of y and 114.
19
Suppose -a + 25 = -6*a. Let k be 6/a*20/6. Let x be (-25)/k + 3/4. What is the highest common divisor of 14 and x?
7
Let p(m) = 3*m - 5. Let d be p(6). Let x(r) = r**3 + r**2 + r. Let c be x(3). Calculate the highest common factor of c and d.
13
Let l = 14 - 11. Calculate the highest common divisor of l and 27.
3
Suppose 26 + 19 = -5*y. Let b be 24/y*135/(-6). Suppose -4*p + 82 = -14. Calculate the highest common divisor of p and b.
12
Suppose 213 + 307 = 10*v. Suppose -f = -6*f + 65. Calculate the greatest common divisor of v and f.
13
Suppose -8 = -5*d + 2, -3*l - 4*d + 11 = 0. Let b(i) = -i - 3. Let m be b(-5). Calculate the greatest common factor of l and m.
1
Let m be (0 + -32)/(-2*1). Let o be 66/18 - 2/(-6). Calculate the highest common factor of m and o.
4
Suppose 2*d + 10 = 4*d. Let g(b) = -b**3 + b**2 - b + 7. Let o be g(0). Let v = o + 8. What is the highest common divisor of d and v?
5
Suppose -4*f = -2*f - 10. Suppose -4*a + f*a = 1. Let t be 19 + -2 - 3/a. Calculate the greatest common divisor of t and 98.
14
Suppose -4 = 2*k - 0. Let y be k/9 + 174/54. Let l be (3 - 6/y) + 71. Calculate the highest common factor of l and 9.
9
Let d = 17 - 8. Let s(x) = x**3 - 3*x**2 - 7. Let k be s(3). Let p = 10 + k. What is the greatest common divisor of p and d?
3
Suppose q + y = 2 + 8, 3*y = 5*q - 74. Calculate the highest common divisor of q and 52.
13
Let i = 12 + 64. What is the highest common factor of 114 and i?
38
Let l(d) = -2*d**3 - 6*d**2 + 11*d + 10. Let r be l(-5). What is the greatest common divisor of r and 110?
55
Let r = -107 + 124. Calculate the highest common divisor of r and 1.
1
Let c be 35*11/((-11)/(-2)). What is the greatest common factor of 14 and c?
14
Let o(w) = w**3 - 5*w**2 + 4*w + 7. Let y be o(5). What is the greatest common divisor of y and 18?
9
Let n(z) = 2*z**3 + 2*z**2 - 2*z + 4. Let s be 3/(-2)*(1 + -3). Let j be n(s). Suppose -10*k + 13*k - 30 = 0. Calculate the greatest common factor of k an